{"id":3,"date":"2020-08-27T09:47:10","date_gmt":"2020-08-27T09:47:10","guid":{"rendered":"http:\/\/anwaltsbuero-schneider.org\/?page_id=3"},"modified":"2020-09-22T13:43:18","modified_gmt":"2020-09-22T13:43:18","slug":"datenschutz","status":"publish","type":"page","link":"https:\/\/anwaltsbuero-schneider.de\/kanzlei\/datenschutz\/","title":{"rendered":"Datenschutz f\u00fcr Anw\u00e4lte"},"content":{"rendered":"\t\t<div data-elementor-type=\"wp-page\" data-elementor-id=\"3\" class=\"elementor elementor-3\">\n\t\t\t\t\t\t<section class=\"elementor-section elementor-top-section elementor-element elementor-element-3b12d276 elementor-section-boxed elementor-section-height-default elementor-section-height-default\" data-id=\"3b12d276\" data-element_type=\"section\" data-e-type=\"section\">\n\t\t\t\t\t\t<div class=\"elementor-container elementor-column-gap-default\">\n\t\t\t\t\t<div class=\"elementor-column elementor-col-100 elementor-top-column elementor-element elementor-element-63fa65f8\" data-id=\"63fa65f8\" data-element_type=\"column\" data-e-type=\"column\">\n\t\t\t<div class=\"elementor-widget-wrap elementor-element-populated\">\n\t\t\t\t\t\t<div class=\"elementor-element elementor-element-752131f0 elementor-widget elementor-widget-text-editor\" data-id=\"752131f0\" data-element_type=\"widget\" data-e-type=\"widget\" data-widget_type=\"text-editor.default\">\n\t\t\t\t<div class=\"elementor-widget-container\">\n\t\t\t\t\t\t\t\t\t<p><\/p>\n<p><span style=\"font-size: x-large;\"><strong>Allgemeine Datenschutzerkl\u00e4rung<\/strong><\/span><\/p>\n<p><br \/><br \/><span style=\"font-size: large;\"><span style=\"font-size: large;\"><strong>1. Name und Kontaktdaten des f\u00fcr die Verarbeitung Verantwortlichen<\/strong><br \/><br \/>Diese Datenschutz-Information gilt f\u00fcr die Datenverarbeitung durch den Verantwortlichen:<br \/><br \/>Matthias Schneider<br \/>Rechtsanwalt<\/span><\/span><span style=\"font-size: large;\"><br><span style=\"font-size: large;\">Einsteinufer 61<br \/>10587 Berlin Charlottenburg <br \/>Tel.: 030 &#8211; 347 028 53<br \/>Fax: 030 &#8211; 347 028 55<br \/><br \/>Unser Datenschutzbeauftragter ist unter den o.g. Kontaktdaten erreichbar.<br \/><br \/><strong>2. Erhebung und Speicherung personenbezogener Daten sowie Art und Zweck deren Verwendung<\/strong><br \/><br \/><strong>a) beim Besuch der Website<\/strong><br \/><br \/>Beim Aufrufen unserer Internetseite werden durch den auf Ihrem Endger\u00e4t zum Einsatz kommenden Browser automatisch Informationen an den Server unserer Website gesendet. Diese Informationen werden tempor\u00e4r in einem sogenannten Logfile gespeichert. Folgende Informationen werden dabei ohne Ihr Zutun erfasst und bis zur automatisierten L\u00f6schung gespeichert:<\/span><\/span><\/p>\n<ul>\n<li><span style=\"font-size: large;\"><span style=\"font-size: large;\">IP-Adresse des anfragenden Rechners,<\/span><\/span><\/li>\n<li><span style=\"font-size: large;\"><span style=\"font-size: large;\">Datum und Uhrzeit des Zugriffs,<\/span><\/span><\/li>\n<li><span style=\"font-size: large;\"><span style=\"font-size: large;\">Name und URL der abgerufenen Datei,<\/span><\/span><\/li>\n<li><span style=\"font-size: large;\"><span style=\"font-size: large;\">Website, von der aus der Zugriff erfolgt (Referrer-URL),<\/span><\/span><\/li>\n<li><span style=\"font-size: large;\"><span style=\"font-size: large;\">verwendeter Browser und ggf. das Betriebssystem Ihres Rechners sowie der Name Ihres Access-Providers.<\/span><\/span><\/li>\n<\/ul>\n<p class=\"bodytext\"><span style=\"font-size: large;\">Die genannten Daten werden durch uns zu folgenden Zwecken verarbeitet:<\/span><\/p>\n<ul>\n<li>\n<p><span style=\"font-size: large;\">Gew\u00e4hrleistung eines reibungslosen Verbindungsaufbaus der Website,<\/span><\/p>\n<\/li>\n<li>\n<p><span style=\"font-size: large;\"><span style=\"font-size: large;\">Gew\u00e4hrleistung einer komfortablen Nutzung unserer Website,<\/span><\/span><\/p>\n<\/li>\n<li>\n<p><span style=\"font-size: large;\">Auswertung der Systemsicherheit und -stabilit\u00e4t sowie<\/span><\/p>\n<\/li>\n<li>\n<p><span style=\"font-size: large;\">zu weiteren administrativen Zwecken.<\/span><\/p>\n<\/li>\n<\/ul>\n<p class=\"bodytext\"><span style=\"font-size: large;\">Die Rechtsgrundlage f\u00fcr die Datenverarbeitung ist Art. 6 Abs. 1 S. 1 lit. f DSGVO. Unser berechtigtes Interesse folgt aus oben aufgelisteten Zwecken zur Datenerhebung. In keinem Fall verwenden wir die erhobenen Daten zu dem Zweck, R\u00fcckschl\u00fcsse auf Ihre Person zu ziehen.<br \/><br \/>Dar\u00fcber hinaus setzen wir beim Besuch unserer Website Cookies sowie Analysedienste ein. N\u00e4here Erl\u00e4uterungen dazu erhalten Sie unter den Ziff. 4 und 5 dieser Datenschutzerkl\u00e4rung.<br \/><br \/><strong>b) aufgrund Ihrer Einwilligung\/im Rahmen eines berechtigten Interesses<\/strong><br \/><br \/>Wenn Sie ausdr\u00fccklich Ihre Einwilligung erteilt haben, k\u00f6nnen wir Ihre personenbezogenen Daten auch f\u00fcr Marketing- oder Statistikzwecke verwenden. Sie k\u00f6nnen Ihre Einwilligung in diesem Falle jederzeit widerrufen und zwar auch f\u00fcr Einwilligungen, die vor dem Inkrafttreten der DSGVO erteilt wurden. Der Widerruf gilt in diesen F\u00e4llen nur f\u00fcr die Zukunft; bereits auf Grundlage der Einwilligung erfolgte Ma\u00dfnahmen bleiben rechtm\u00e4\u00dfig. N\u00e4heres hierzu finden Sie unter Ziff. 8 dieser Datenschutzerkl\u00e4rung.<br \/><br \/>Im Rahmen der Wahrnehmung berechtigter Interessen gem. Art. 6 Abs. 1 S.1 lit. f DSGVO verarbeiten wir Ihre Daten auch f\u00fcr Werbung- und Marktforschungszwecke, sofern Sie der Nutzung Ihrer Daten nicht widersprochen haben. N\u00e4heres hierzu finden Sie unter Ziff. 9 dieser Datenschutzerkl\u00e4rung.<br \/><br \/><strong><span style=\"font-size: large;\"><span style=\"font-size: large;\">3. Weitergabe von Daten<\/strong><br \/><br \/>Eine \u00dcbermittlung Ihrer pers\u00f6nlichen Daten an Dritte zu anderen als den im Folgenden aufgef\u00fchrten Zwecken findet nicht statt.<br \/><br \/>Wir geben Ihre pers\u00f6nlichen Daten nur an Dritte weiter, wenn:<\/span><\/p>\n\n<ul>\n<span style=\"font-size: large;\"><span style=\"font-size: large;\"><li>\n<p>Sie Ihre nach Art. 6 Abs. 1 S. 1 lit. a DSGVO ausdr\u00fcckliche Einwilligung dazu erteilt haben,<\/p>\n<\/li>\n<li>\n<p>die Weitergabe nach Art. 6 Abs. 1 S. 1 lit. f DSGVO zur Geltendmachung, Aus\u00fcbung oder Verteidigung von Rechtsanspr\u00fcchen erforderlich ist und kein Grund zur Annahme besteht, dass Sie ein \u00fcberwiegendes schutzw\u00fcrdiges Interesse an der Nichtweitergabe Ihrer Daten haben,<\/p>\n<\/li>\n<li>\n<p>f\u00fcr den Fall, dass f\u00fcr die Weitergabe nach Art. 6 Abs. 1 S. 1 lit. c DSGVO eine gesetzliche Verpflichtung besteht, sowie<\/p>\n<\/li>\n<li>\n<p>dies gesetzlich zul\u00e4ssig und nach Art. 6 Abs. 1 S. 1 lit. b DSGVO f\u00fcr die Abwicklung von Vertragsverh\u00e4ltnissen mit Ihnen erforderlich ist.<\/p>\n<\/li>\n<\/ul>\n\n<span style=\"font-size: large;\"><p class=\"bodytext\"><strong>4. Cookies<br \/><br \/><\/strong>Wir setzen auf unserer Seite Cookies ein. Hierbei handelt es sich um kleine Dateien, die Ihr Browser automatisch erstellt und die auf Ihrem Endger\u00e4t (Laptop, Tablet, Smartphone o.\u00e4.) gespeichert werden, wenn Sie unsere Seite besuchen. Cookies richten auf Ihrem Endger\u00e4t keinen Schaden an, enthalten keine Viren, Trojaner oder sonstige Schadsoftware.<br \/><br \/>In dem Cookie werden Informationen abgelegt, die sich jeweils im Zusammenhang mit dem spezifisch eingesetzten Endger\u00e4t ergeben. Dies bedeutet jedoch nicht, dass wir dadurch unmittelbar Kenntnis von Ihrer Identit\u00e4t erhalten.<br \/><br \/>Die meisten Browser akzeptieren Cookies automatisch. Sie k\u00f6nnen Ihren Browser jedoch so konfigurieren, dass keine Cookies auf Ihrem Computer gespeichert werden oder stets ein Hinweis erscheint, bevor ein neuer Cookie angelegt wird. Die vollst\u00e4ndige Deaktivierung von Cookies kann jedoch dazu f\u00fchren, dass Sie nicht alle Funktionen unserer Website nutzen k\u00f6nnen.<br \/><br \/>Unter den Cookie-Einstellungen im Cookie-Banner beim ersten Besuch unserer Website bieten wir Ihnen au\u00dferdem die M\u00f6glichkeit, bequem zustimmungspflichtige Cookies abzulehnen oder diesen zuzustimmen.<br \/><br \/>Der Einsatz von Cookies dient einerseits dazu, die Nutzung unseres Angebots f\u00fcr Sie angenehmer zu gestalten. So gew\u00e4hrleisten unbedingt erforderliche funktionale Cookies Funktionen, ohne die Sie diese Webseite nicht nutzen k\u00f6nnten. Diese Cookies k\u00f6nnen \u00fcber die Funktion dieser Seite nicht deaktiviert werden. Beispielsweise setzen wir sogenannte Session-Cookies ein, um zu erkennen, dass Sie einzelne Seiten unserer Website bereits besucht haben. Diese werden nach Verlassen unserer Seite automatisch gel\u00f6scht.<br \/><br \/>Dar\u00fcber hinaus setzen wir ebenfalls zur Optimierung der Benutzerfreundlichkeit tempor\u00e4re Cookies ein, die f\u00fcr einen bestimmten festgelegten Zeitraum auf Ihrem Endger\u00e4t gespeichert werden. Besuchen Sie unsere Seite erneut, um unsere Dienste in Anspruch zu nehmen, wird automatisch erkannt, dass Sie bereits bei uns waren und welche Eingaben und Einstellungen Sie get\u00e4tigt haben, um diese nicht noch einmal eingeben zu m\u00fcssen.<br \/><br \/>Zum anderen setzen wir zustimmungspflichtige Statistik-Cookies sowie Marketing-Cookies ein, die nur nach Ihrer expliziten Einwilligung gesetzt werden. Diese Einwilligung k\u00f6nnen Sie erteilen, wenn Sie unter Cookie-Einstellungen im Cookie-Banner die Kategorie \u201eStatistik Cookies\u201c bzw. \u201eMarketing Cookies\u201c aktivieren und die Einstellungen speichern. Die Auswahl \u00fcber die Schaltfl\u00e4che \u201eEinverstanden\u201c im Cookie-Banner beinhaltet beide Einwilligungen.<br \/><br \/>Zur Analyse der Nutzung unseres Internetauftritts haben wir den Dienstleister Google Analytics beauftragt, mit dessen Hilfe wir die Nutzung unserer Website statistisch erfassen und zum Zwecke der Optimierung unseres Angebotes f\u00fcr Sie auswerten (siehe Ziff. 5). Diese Statistik-Cookies erm\u00f6glichen es uns, bei einem erneuten Besuch unserer Seite automatisch zu erkennen, dass Sie bereits bei uns waren. Diese Cookies werden nach einer jeweils definierten Zeit automatisch gel\u00f6scht.<br \/><br \/>Die durch Cookies verarbeiteten Daten sind f\u00fcr die genannten Zwecke zur Wahrung unserer berechtigten Interessen sowie der Dritter nach Art. 6 Abs. 1 S. 1 lit. f DSGVO erforderlich.<br \/><br \/><strong>5. Analyse-Tools<br \/><br \/><\/strong>Die im Folgenden aufgef\u00fchrten und von uns eingesetzten Tracking-Ma\u00dfnahmen werden auf Grundlage des Art. 6 Abs. 1 S. 1 lit. f DSGVO durchgef\u00fchrt. Mit den zum Einsatz kommenden Tracking-Ma\u00dfnahmen wollen wir eine bedarfsgerechte Gestaltung und die fortlaufende Optimierung unserer Webseite sicherstellen. Zum anderen setzen wir die Tracking-Ma\u00dfnahmen ein, um die Nutzung unserer Webseite statistisch zu erfassen und zum Zwecke der Optimierung unseres Angebotes f\u00fcr Sie auszuwerten. Diese Interessen sind als berechtigt im Sinne der vorgenannten Vorschrift anzusehen.<br \/><br \/>Die jeweiligen Datenverarbeitungszwecke und Datenkategorien sind aus den entsprechenden Tracking-Tools zu entnehmen.<br \/><br \/><strong>Google Analytics<br \/><br \/><\/strong>Zum Zwecke der bedarfsgerechten Gestaltung und fortlaufenden Optimierung unserer Seiten nutzen wir Google Analytics, ein Webanalysedienst der Google Inc. (<a href=\"https:\/\/www.google.de\/intl\/de\/about\/\" target=\"_blank\" rel=\"noopener noreferrer\">https:\/\/www.google.de\/intl\/de\/about\/<\/a>) (1600 Amphitheatre Parkway, Mountain View, CA 94043, USA; im Folgenden \u201eGoogle\u201c). In diesem Zusammenhang werden pseudonymisierte Nutzungsprofile erstellt und Cookies (siehe unter Ziff. 4) verwendet.<br \/><br \/>Die durch den Cookie erzeugten Informationen \u00fcber Ihre Benutzung dieser Website wie<\/p>\n<ul>\n<li>\n<p>Browser-Typ\/-Version,<\/p>\n<\/li>\n<li>\n<p>verwendetes Betriebssystem,<\/p>\n<\/li>\n<li>\n<p>Referrer-URL (die zuvor besuchte Seite),<\/p>\n<\/li>\n<li>\n<p>Hostname des zugreifenden Rechners (IP-Adresse),<\/p>\n<\/li>\n<li>\n<p>Uhrzeit der Serveranfrage,<\/p>\n<\/li>\n<\/ul>\n<p class=\"bodytext\">werden an einen Server von Google in den USA \u00fcbertragen und dort gespeichert. Die Informationen werden verwendet, um die Nutzung der Website auszuwerten, um Reports \u00fcber die Websiteaktivit\u00e4ten zusammenzustellen und um weitere mit der Websitenutzung und der Internetnutzung verbundene Dienstleistungen zu Zwecken der Marktforschung und bedarfsgerechten Gestaltung dieser Internetseiten zu erbringen. Auch werden diese Informationen gegebenenfalls an Dritte \u00fcbertragen, sofern dies gesetzlich vorgeschrieben ist oder soweit Dritte diese Daten im Auftrag verarbeiten. Es wird in keinem Fall Ihre IP-Adresse mit anderen Daten von Google zusammengef\u00fchrt. Die IP-Adressen werden anonymisiert, so dass eine Zuordnung nicht m\u00f6glich ist (IP-Masking).<br \/><br \/>Sie k\u00f6nnen die Installation der Cookies durch eine entsprechende Einstellung der Browser-Software verhindern; wir weisen jedoch darauf hin, dass in diesem Fall gegebenenfalls nicht s\u00e4mtliche Funktionen dieser Website vollumf\u00e4nglich genutzt werden k\u00f6nnen.<br \/><br \/>Sie k\u00f6nnen dar\u00fcber hinaus die Erfassung der durch das Cookie erzeugten und auf Ihre Nutzung der Website bezogenen Daten (inkl. Ihrer IP-Adresse) sowie die Verarbeitung dieser Daten durch Google verhindern, indem Sie ein\u00a0Browser-Add-on herunterladen und installieren(<a href=\"https:\/\/tools.google.com\/dlpage\/gaoptout?hl=de\" target=\"_blank\" rel=\"noopener noreferrer\">https:\/\/tools.google.com\/dlpage\/gaoptout?hl=de<\/a>).<br \/><br \/>Alternativ zum Browser-Add-on, insbesondere bei Browsern auf mobilen Endger\u00e4ten, k\u00f6nnen Sie die Erfassung durch Google Analytics zudem verhindern, indem Sie hier\u00a0<a href=\"https:\/\/www.paschen.cc\/datenschutz\/?L=#\">klicken<\/a>. Es wird ein Opt-out-Cookie gesetzt, das die zuk\u00fcnftige Erfassung Ihrer Daten beim Besuch dieser Website verhindert. Der Opt-out-Cookie gilt nur in diesem Browser und nur f\u00fcr unsere Website und wird auf Ihrem Ger\u00e4t abgelegt. L\u00f6schen Sie die Cookies in diesem Browser, m\u00fcssen Sie das Opt-out-Cookie erneut setzen.<br \/><br \/>Weitere Informationen zum Datenschutz im Zusammenhang mit Google Analytics finden Sie etwa in der Google Analytics-Hilfe (<a href=\"https:\/\/support.google.com\/analytics\/answer\/6004245?hl=de\" target=\"_blank\" rel=\"noopener noreferrer\">https:\/\/support.google.com\/analytics\/answer\/6004245?hl=de<\/a>).<br \/><br \/><strong>6. Betroffenenrechte<br \/><br \/><\/strong>Sie haben das Recht:<\/p>\n<ul>\n<li>\n<p>gem\u00e4\u00df Art. 15 DSGVO\u00a0Auskunft\u00a0\u00fcber Ihre von uns verarbeiteten personenbezogenen Daten zu verlangen. Insbesondere k\u00f6nnen Sie Auskunft \u00fcber die Verarbeitungszwecke, die Kategorie der personenbezogenen Daten, die Kategorien von Empf\u00e4ngern, gegen\u00fcber denen Ihre Daten offengelegt wurden oder werden, die geplante Speicherdauer, das Bestehen eines Rechts auf Berichtigung, L\u00f6schung, Einschr\u00e4nkung der Verarbeitung oder Widerspruch, das Bestehen eines Beschwerderechts, die Herkunft Ihrer Daten, sofern diese nicht bei uns erhoben wurden, sowie \u00fcber das Bestehen einer automatisierten Entscheidungsfindung einschlie\u00dflich Profiling und ggf. aussagekr\u00e4ftigen Informationen zu deren Einzelheiten verlangen;<\/p>\n<\/li>\n<li>\n<p>gem\u00e4\u00df Art. 16 DSGVO unverz\u00fcglich die\u00a0Berichtigung\u00a0unrichtiger oder Vervollst\u00e4ndigung Ihrer bei uns gespeicherten personenbezogenen Daten zu verlangen;<\/p>\n<\/li>\n<li>\n<p>gem\u00e4\u00df Art. 17 DSGVO die\u00a0L\u00f6schung\u00a0Ihrer bei uns gespeicherten personenbezogenen Daten zu verlangen, soweit nicht die Verarbeitung zur Aus\u00fcbung des Rechts auf freie Meinungs\u00e4u\u00dferung und Information, zur Erf\u00fcllung einer rechtlichen Verpflichtung, aus Gr\u00fcnden des \u00f6ffentlichen Interesses oder zur Geltendmachung, Aus\u00fcbung oder Verteidigung von Rechtsanspr\u00fcchen erforderlich ist;<\/p>\n<\/li>\n<li>\n<p>gem\u00e4\u00df Art. 18 DSGVO die\u00a0Einschr\u00e4nkung\u00a0der Verarbeitung Ihrer personenbezogenen Daten zu verlangen, soweit die Richtigkeit der Daten von Ihnen bestritten wird, die Verarbeitung unrechtm\u00e4\u00dfig ist, Sie aber deren L\u00f6schung ablehnen und wir die Daten nicht mehr ben\u00f6tigen, Sie jedoch diese zur Geltendmachung, Aus\u00fcbung oder Verteidigung von Rechtsanspr\u00fcchen ben\u00f6tigen oder Sie gem\u00e4\u00df Art. 21 DSGVO Widerspruch gegen die Verarbeitung eingelegt haben;<\/p>\n<\/li>\n<li>\n<p>gem\u00e4\u00df Art. 20 DSGVO Ihre personenbezogenen Daten, die Sie uns bereitgestellt haben, in einem strukturierten, g\u00e4ngigen und maschinenlesebaren Format zu erhalten oder die\u00a0\u00dcbermittlung\u00a0an einen anderen Verantwortlichen zu verlangen;<\/p>\n<\/li>\n<li>\n<p>gem\u00e4\u00df Art. 7 Abs. 3 DSGVO Ihre einmal erteilte Einwilligung jederzeit gegen\u00fcber uns zu\u00a0widerrufen. Dies hat zur Folge, dass wir die Datenverarbeitung, die auf dieser Einwilligung beruhte, f\u00fcr die Zukunft nicht mehr fortf\u00fchren d\u00fcrfen und<\/p>\n<\/li>\n<li>\n<p>gem\u00e4\u00df Art. 77 DSGVO sich bei einer Aufsichtsbeh\u00f6rde zu\u00a0beschweren. In der Regel k\u00f6nnen Sie sich hierf\u00fcr an die Aufsichtsbeh\u00f6rde Ihres \u00fcblichen Aufenthaltsortes oder Arbeitsplatzes oder unseres Kanzleisitzes wenden.<\/p>\n<\/li>\n<\/ul>\n<p class=\"bodytext\"><strong>7. Widerspruchsrecht<br \/><br \/><\/strong>Sofern Ihre personenbezogenen Daten auf Grundlage von berechtigten Interessen gem\u00e4\u00df Art. 6 Abs. 1 S. 1 lit. f DSGVO verarbeitet werden, haben Sie das Recht, gem\u00e4\u00df Art. 21 DSGVO Widerspruch gegen die Verarbeitung Ihrer personenbezogenen Daten einzulegen, soweit daf\u00fcr Gr\u00fcnde vorliegen, die sich aus Ihrer besonderen Situation ergeben oder sich der Widerspruch gegen Direktwerbung richtet. Im letzteren Fall haben Sie ein generelles Widerspruchsrecht, das ohne Angabe einer besonderen Situation von uns umgesetzt wird. M\u00f6chten Sie von Ihrem Widerrufs- oder Widerspruchsrecht Gebrauch machen, gen\u00fcgt eine E-Mail an info@anwaltsbuero-schneider.de.<br \/><br \/><strong>8. Datensicherheit<br \/><br \/><\/strong>Wir verwenden innerhalb des Website-Besuchs das verbreitete SSL-Verfahren (Secure Socket Layer) in Verbindung mit der jeweils h\u00f6chsten Verschl\u00fcsselungsstufe, die von Ihrem Browser unterst\u00fctzt wird. In der Regel handelt es sich dabei um eine 256-Bit-Verschl\u00fcsselung. Falls Ihr Browser keine 256-Bit-Verschl\u00fcsselung unterst\u00fctzt, greifen wir stattdessen auf 128-Bit-v3-Technologie zur\u00fcck. Ob eine einzelne Seite unseres Internetauftrittes verschl\u00fcsselt \u00fcbertragen wird, erkennen Sie an der geschlossenen Darstellung des Sch\u00fcssel- beziehungsweise Schloss-Symbols in der unteren Statusleiste Ihres Browsers.<br \/><br \/>Wir bedienen uns im \u00dcbrigen geeigneter technischer und organisatorischer Sicherheitsma\u00dfnahmen, um Ihre Daten gegen zuf\u00e4llige oder vors\u00e4tzliche Manipulationen, teilweisen oder vollst\u00e4ndigen Verlust, Zerst\u00f6rung oder gegen den unbefugten Zugriff Dritter zu sch\u00fctzen. Unsere Sicherheitsma\u00dfnahmen werden entsprechend der technologischen Entwicklung fortlaufend verbessert.<br \/><br \/><strong>9. Geltungsbereich und \u00c4nderung dieser Datenschutzerkl\u00e4rung<br \/><br \/><\/strong>Diese Allgemeine Datenschutzerkl\u00e4rung gilt f\u00fcr die in Ziff. 2 genannten Zwecke und hat den Stand Mai 2018. F\u00fcr die Handhabung des Datenschutzes und der Datensicherheit bei Mandatserteilung finden erg\u00e4nzende Datenschutzerkl\u00e4rungen Anwendung.<br \/><br \/>Durch die Weiterentwicklung unserer Website oder aufgrund ge\u00e4nderter gesetzlicher beziehungsweise beh\u00f6rdlicher Vorgaben kann es notwendig werden, diese Datenschutzerkl\u00e4rung zu \u00e4ndern.<br \/><br \/>Die jeweils aktuelle Allgemeine Datenschutzerkl\u00e4rung kann jederzeit auf der Website unter <a href=\"http:\/\/anwaltsbuero-schneider.org\/kanzlei\/datenschutz\/\"><\/a> http:\/\/anwaltsbuero-schneider.org\/kanzlei\/datenschutz\/ von Ihnen abgerufen werden.\u00a0<\/p>\n<p>&nbsp;<\/p>\n<p><\/p>\t\t\t\t\t\t\t\t<\/div>\n\t\t\t\t<\/div>\n\t\t\t\t\t<\/div>\n\t\t<\/div>\n\t\t\t\t\t<\/div>\n\t\t<\/section>\n\t\t\t\t<\/div>\n\t\t","protected":false},"excerpt":{"rendered":"<p>Allgemeine Datenschutzerkl\u00e4rung 1. Name und Kontaktdaten des f\u00fcr die Verarbeitung Verantwortlichen Diese Datenschutz-Information gilt f\u00fcr die Datenverarbeitung durch den Verantwortlichen: Matthias SchneiderRechtsanwaltEinsteinufer 6110587 Berlin Charlottenburg Tel.: 030 &#8211; 347 028 &#8230;<\/p>\n","protected":false},"author":1,"featured_media":0,"parent":0,"menu_order":0,"comment_status":"closed","ping_status":"open","template":"","meta":{"footnotes":""},"class_list":["post-3","page","type-page","status-publish","hentry"],"_links":{"self":[{"href":"https:\/\/anwaltsbuero-schneider.de\/kanzlei\/wp-json\/wp\/v2\/pages\/3","targetHints":{"allow":["GET"]}}],"collection":[{"href":"https:\/\/anwaltsbuero-schneider.de\/kanzlei\/wp-json\/wp\/v2\/pages"}],"about":[{"href":"https:\/\/anwaltsbuero-schneider.de\/kanzlei\/wp-json\/wp\/v2\/types\/page"}],"author":[{"embeddable":true,"href":"https:\/\/anwaltsbuero-schneider.de\/kanzlei\/wp-json\/wp\/v2\/users\/1"}],"replies":[{"embeddable":true,"href":"https:\/\/anwaltsbuero-schneider.de\/kanzlei\/wp-json\/wp\/v2\/comments?post=3"}],"version-history":[{"count":14,"href":"https:\/\/anwaltsbuero-schneider.de\/kanzlei\/wp-json\/wp\/v2\/pages\/3\/revisions"}],"predecessor-version":[{"id":1888,"href":"https:\/\/anwaltsbuero-schneider.de\/kanzlei\/wp-json\/wp\/v2\/pages\/3\/revisions\/1888"}],"wp:attachment":[{"href":"https:\/\/anwaltsbuero-schneider.de\/kanzlei\/wp-json\/wp\/v2\/media?parent=3"}],"curies":[{"name":"wp","href":"https:\/\/api.w.org\/{rel}","templated":true}]}}